*3 + i**2 + 4. Suppose 5*k + 19 = 4. Let b be m(k). Let t be 48/(-40)*b/(-2). What is the highest common factor of 8 and t?
8
Let d(u) = u**3 + 7*u**2 + 2*u + 15. Suppose -5*q + 8*q + 4*b = -21, 0 = b. Let o be d(q). What is the highest common factor of o and 2?
1
Suppose -2*x + 4*d - 83 - 183 = 0, -653 = 5*x - 4*d. Let t = 174 + x. Calculate the greatest common factor of t and 180.
45
Let w(o) = -6*o + 82. Let t be w(7). What is the highest common factor of 440 and t?
40
Suppose 4*v - 5*c - 6 = 0, 19 = 5*v - 3*c + 5. Let j be ((-14)/(-3))/(v/84). Let i = 5 - -9. What is the highest common factor of i and j?
14
Let i be ((-8)/14)/((-28)/98). Suppose i*z - q = 421 + 45, 0 = -4*z + 4*q + 924. What is the highest common divisor of z and 47?
47
Suppose 2*k = 4*k - 3*k. Suppose -13 = 6*x - 8*x - z, -5*x - z + 40 = k. Calculate the greatest common factor of 27 and x.
9
Suppose 4*b - 176 = -4*b. Let k = 3 - -8. Calculate the highest common divisor of b and k.
11
Let f(n) = 3*n**2 + 10*n - 5. Let j be f(-7). What is the greatest common factor of 27 and j?
9
Suppose 2*r + r + 2*p - 58 = 0, -r + 5*p + 8 = 0. Let q = r - 14. Suppose 59 = q*t - 29. Calculate the greatest common divisor of t and 2.
2
Let g(p) = -p**3 - 11*p**2 - 12*p. Let x be g(-10). Suppose -3*q = -8*q + x. Suppose -8*t - q = -156. Calculate the highest common divisor of 19 and t.
19
Suppose -g + 17 = 5*u, 4*u + 0*g = 2*g + 8. Suppose f - p - 20 = 0, -2*p + 42 = u*f + p. Calculate the highest common divisor of f and 187.
17
Suppose -3*j + 17*t + 936 = 15*t, 5*j + t = 1573. What is the greatest common divisor of j and 2?
2
Suppose -22*g + 33*g - 462 = 0. What is the highest common factor of g and 6?
6
Let w = 3865 - 2718. Calculate the highest common divisor of 62 and w.
31
Let z be (2 - -1)/(-3)*88/(-8). What is the greatest common factor of 3 and z?
1
Let q be -2 + 6 + 3/((-12)/(-812)). Let l(c) = -c**3 - c**2 + c + 35. Let h be l(0). Let x = h - 12. Calculate the greatest common divisor of x and q.
23
Let y(c) = -4*c - 3*c**2 + 2 + 4 - 4 + 2. Let n be y(3). Let q be 56/n*(-20)/1. What is the highest common factor of q and 8?
8
Let p = -285 - -309. Suppose -2*f + 6 = -4*o, 3*f = 2*o + o + 12. Suppose -31 = -5*z - o. Calculate the highest common divisor of p and z.
6
Let c(k) be the first derivative of 5*k**2/2 + 36*k + 29. Let f be c(12). Calculate the greatest common factor of f and 12.
12
Let t(x) = -x**3 + x**2. Let o be t(-1). Suppose 0*z - 28 = -o*z. What is the highest common factor of z and 28?
14
Suppose 28 = 4*t - 0. Let y = 616 + -595. Calculate the highest common divisor of y and t.
7
Suppose -11*r = -22*r + 10098. What is the greatest common factor of 204 and r?
102
Suppose 0*y = 2*y. Suppose v + 0*v - 2 = y. What is the highest common factor of v and 2?
2
Let n be (-3 - -6)/(6/4). Suppose -n = 2*r - 14. Suppose 4*o + 17 = 5*b, o - b = -r*b + 27. Calculate the highest common divisor of o and 4.
2
Let s be 95*(78/15 + -5). What is the highest common divisor of 1197 and s?
19
Suppose -5*g - 117 = -4*z, 162 = 14*z - 9*z - g. What is the greatest common factor of 3 and z?
3
Let o = 26 + -17. Let i = 21 - o. What is the highest common factor of 24 and i?
12
Suppose -i = 2, 5*i = 5*f + 6*i - 153. What is the highest common factor of f and 372?
31
Let s(n) = -n**3 + 10*n**2 + 12*n - 9. Let x = -84 + 95. Let d be s(x). What is the greatest common divisor of d and 16?
2
Suppose 49 = 2*m + 31. Let t(a) = -a**3 + 12*a**2 + 7*a - 27. Let x be t(10). What is the highest common divisor of m and x?
9
Suppose 40 = -2*y + 6*y. Let b = -21 + 43. Suppose 50 = 5*l - 5*u, -2*l + y = 2*u - b. Calculate the highest common divisor of l and 65.
13
Let i = -92 - -94. Suppose -o = -4*q + 11, -1 - i = -2*q + o. What is the greatest common divisor of 4 and q?
4
Let b be 33/(-9) - (-5)/(-15). Let c = b + 7. Suppose -g - c = -7. Calculate the highest common divisor of g and 40.
4
Suppose -d + 2 = -0*d. Suppose 3*t + 0 = -d*r + 9, -t = 1. Calculate the highest common factor of r and 18.
6
Suppose -270*b + 277*b - 77 = 0. Calculate the highest common factor of b and 462.
11
Let q be (441/(2 - 9))/(0 - 1). Calculate the greatest common divisor of q and 225.
9
Let x(u) = 8*u**3 - u**2 + 2*u - 3. Let n be x(2). Let a = 112 - n. What is the highest common divisor of 17 and a?
17
Suppose -6*j = -4909 + 1369. Let s be j/6 + 4/6. Calculate the highest common divisor of 33 and s.
33
Let u = -557 - -1157. Calculate the highest common factor of 24 and u.
24
Suppose 0 = 10*i - 45 - 155. Suppose 5*g = 3*g - 590. Let q be g/(-15) - (-1)/3. What is the highest common factor of q and i?
20
Let m(p) = p**3 - 2*p**2 - 7*p + 1. Let b be m(4). Suppose 3*z - b*z = -40. What is the highest common divisor of z and 30?
10
Let x = 9 - -81. Let i = 94 - x. Calculate the highest common factor of i and 20.
4
Let w(z) = -z + 99. Suppose -26 = -u + 3*b, -104 = -5*u + 3*b - 34. Let n = u + -11. Let q be w(n). Calculate the highest common factor of 11 and q.
11
Suppose 3*p = 151*q - 155*q + 133, 5*p + 4*q - 211 = 0. Calculate the greatest common factor of p and 13.
13
Let v(g) = g**2 - 9*g + 7. Let k be v(8). Let y(h) = -3*h**2 - h - 1. Let n be y(k). Let r be (-34)/n + 8/12. What is the greatest common factor of r and 36?
12
Let m(i) = -7*i**2 - 33*i + 9*i + 8*i**2 + 34. Let y be m(23). What is the greatest common factor of 22 and y?
11
Let k = 510 - 496. Calculate the greatest common factor of k and 49.
7
Let s be (84/14)/(1*2*1). Suppose 0 = -s*p + 2*u - 7, -4*p - 1 = -4*u + 15. What is the greatest common factor of p and 13?
1
Suppose 216*x - 204*x - 420 = 0. Suppose -2*g = -3*g + 245. What is the highest common factor of x and g?
35
Let k(r) = -112*r + 787. Let p be k(7). What is the greatest common factor of 303 and p?
3
Let a = 13 + 28. Let t = 227 + 60. What is the highest common factor of a and t?
41
Let j(y) = y**2 + 30. Let i be j(0). Suppose i = -m - m. Let v = m + 17. Calculate the highest common divisor of v and 14.
2
Let n = -62 - -214. Suppose 209 = 977*a - 966*a. What is the greatest common divisor of n and a?
19
Let t be (-5)/(-20) + (-675)/(-20). What is the greatest common factor of t and 34?
34
Let s(c) = 3*c. Let p be s(26). Calculate the greatest common factor of 9 and p.
3
Let m(y) = 8*y - 12. Let l(q) = -9*q + 11. Let c(i) = -3*l(i) - 4*m(i). Let p be c(-4). What is the highest common factor of p and 245?
35
Suppose -4*j + 88 = -288*n + 287*n, 20 = -5*n. What is the highest common divisor of j and 1141?
7
Let v = 1092 + -619. What is the highest common factor of 86 and v?
43
Suppose -5*r + 90 = 5*z, 24*z = 20*z - 5*r + 74. Calculate the greatest common divisor of z and 256.
16
Let r = -29 + 41. Suppose -5*m + 127 = -293. Calculate the highest common factor of m and r.
12
Let q = -114 + 244. Calculate the highest common divisor of 15 and q.
5
Let o(c) = 182*c**3 + 4*c**2 - c - 2. Let b be o(1). Calculate the highest common divisor of 122 and b.
61
Let j = 49 + -50. Let i be (-69 + 0 + j)/(-2). What is the greatest common factor of i and 7?
7
Suppose 2*u = 4*t - 15 - 7, -2*u + 10 = 4*t. What is the highest common divisor of 3 and t?
1
Let a be 2/2*-4 + -1 + 85. Let p = 220 + -100. What is the greatest common divisor of a and p?
40
Let o(k) = -3*k**2 + 99*k - 56. Let g be o(32). Calculate the highest common divisor of g and 104.
8
Let v = 18 + -10. Suppose -2*q = -52 - v. Suppose -22 = 2*u - 34. Calculate the greatest common divisor of u and q.
6
Let b = 84 - 87. Let y be b*128/(-66) + 4/22. What is the greatest common divisor of y and 3?
3
Let d = -273 + 319. Calculate the greatest common factor of 115 and d.
23
Let g be 3*(4 - 51/9). Let b(o) = -4*o - 8. Let z be b(g). Calculate the highest common factor of 18 and z.
6
Let c = 655 - -385. What is the highest common factor of 80 and c?
80
Suppose 2 - 20 = -3*y. Suppose w = y*w - 260. Let k = 26 - 13. What is the greatest common divisor of w and k?
13
Let g(i) = -2 + 5*i**2 - 7*i - i**3 + 15*i**2 + 3 - 10*i**2. Let l be g(7). What is the greatest common divisor of 33 and l?
33
Let u = -66 - -66. Suppose u*x - 14 = -x. Suppose 2*a - 141 - 55 = 0. What is the highest common divisor of a and x?
14
Let c = -2023 - -2075. Calculate the highest common factor of 377 a